{"id":1130,"date":"2021-01-07T11:55:18","date_gmt":"2021-01-07T10:55:18","guid":{"rendered":"https:\/\/traduc.com\/service\/?page_id=1130"},"modified":"2022-03-30T10:52:15","modified_gmt":"2022-03-30T08:52:15","slug":"guide-service-traduction-professionnelle","status":"publish","type":"page","link":"https:\/\/traduc.com\/service\/","title":{"rendered":"Nos guides de traduction pour l&#8217;international"},"content":{"rendered":"\n<div style=\"height:20px\" aria-hidden=\"true\" class=\"wp-block-spacer\"><\/div>\n\n\n\n<div class=\"false hero-carousel-3\"><div class=\"js-slick-carousel u-slick\" data-autoplay=\"false\" data-speed=\"5000\" data-adaptive-height=\"true\" data-pagi-classes=\"text-center u-slick__pagination u-slick__pagination--white position-absolute right-0 bottom-0 left-0\"><div class=\"js-slide rounded bg-img-hero-center space-4\" style=\"background-image:url(https:\/\/traduc.com\/service\/wp-content\/uploads\/2021\/09\/map-traduc8.jpg)\"><div class=\"container\"><div class=\"w-lg-30\"><h4 class=\"display-4 text-white font-weight-semi-bold mb-3\" data-scs-animation-in=\"fadeInUp\">D\u00e9couvrez nos guides de traduction<\/h4><p class=\"lead text-white\" data-scs-animation-in=\"fadeInUp\">Profitez de l\u2019expertise de notre \u00e9quipe et du savoir-faire de nos traducteurs professionnels pour faire traduire tous vos\u00a0textes.<\/p><a href=\"https:\/\/traduc.com\/steps\/orders\/new?source=service\" target=\"_blank\" rel=\"noopener noreferrer\" class=\"justify-content-center fgb-button btn fgb-button--align-center btn-warning false d-inline-flex align-items-center ml-2  transition-3d-hover rounded-0 animated fadeInUp\"><div class=\"fgb-button--inner\">Commander des traductions<\/div><span class=\"fas fa-border-none  text-primary font-size-1 ml-2 ml-sm-1\"><\/span><\/a><\/div><\/div><\/div><\/div><\/div>\n\n\n\n<div style=\"height:49px\" aria-hidden=\"true\" class=\"wp-block-spacer\"><\/div>\n\n\n\n<div class=\"info-colorful-style5 container info-colorful false\"> <div class=\"row\"> <div class=\"col-lg-6 mb-5\"><div class=\"mt-0 p-0 mw-100 card border-0 shadow h-100 overflow-hidden p-6 colorful-style-5 bg-primary\"><div class=\"w-65 pr-2\"><h4 class=\"h3 font-weight-medium text-white\">Comment fonctionne une agence de traduction ?<\/h4><p class=\" text-white \">Entrez dans les coulisses d&#8217;une agence de traduction et d\u00e9couvrez son fonctionnement.<\/p><a href=\"https:\/\/traduc.com\/service\/agence-de-traduction-fonctionnement-service\/\" class=\"fgb-button btn fgb-button--align-center btn-white false btn-sm transition-3d-hover\"><div class=\"fgb-button--inner\">D\u00e9couvrir<\/div><span class=\"fa fa-angle-right ml-sm-1\"><\/span><\/a><div class=\"position-absolute right-0 bottom-0 w-50 mb-n3 mr-n4\"><figure class=\"\"><img decoding=\"async\" class=\"js-svg-injector\" alt=\"Image\" src=\"https:\/\/traduc.com\/service\/wp-content\/plugins\/front-gutenberg-blocks\/assets\/img\/mockups\/img15.png\"\/><\/figure><\/div><\/div><\/div><\/div><div class=\"col-lg-6 mb-5\"><div class=\"mt-0 p-0 mw-100 card border-0 shadow h-100 overflow-hidden p-6 colorful-style-5 bg-warning\"><div class=\"w-65 pr-2\"><h4 class=\"h3 font-weight-medium text-primary\" style=\"color:\">Qu&#8217;est-ce qu&#8217;un service de traduction professionnelle ? <\/h4><p class=\" text-primary \">Apprenez \u00e0 bien utiliser des services de traduction pour un meilleur d\u00e9veloppement \u00e0 l&#8217;international<\/p><a href=\"https:\/\/traduc.com\/service\/service-de-traduction\/\" class=\"fgb-button btn fgb-button--align-center btn-white false btn-sm transition-3d-hover\"><div class=\"fgb-button--inner\">D\u00e9couvrir<\/div><span class=\"fa fa-angle-right ml-sm-1\"><\/span><\/a><div class=\"position-absolute right-0 bottom-0 w-50 mb-n3 mr-n4\"><figure class=\"\"><img decoding=\"async\" class=\"js-svg-injector\" alt=\"Image\" src=\"https:\/\/traduc.com\/service\/wp-content\/plugins\/front-gutenberg-blocks\/assets\/img\/mockups\/img12.png\"\/><\/figure><\/div><\/div><\/div><\/div> <\/div><\/div>\n\n\n\n<div style=\"height:100px\" aria-hidden=\"true\" class=\"wp-block-spacer\"><\/div>\n\n\n\n<h2 class=\"alignwide has-text-align-center wp-block-heading\"><span class=\"font-weight-semi-bold\">Quel type de contenu souhaitez-vous faire traduire ?<\/span><\/h2>\n\n\n\n<p class=\"has-text-align-center\">Retrouvez tous nos conseils et astuces pour obtenir la meilleure traduction possible de vos contenus.<\/p>\n\n\n\n<div id=\"whatWeDoSection\" class=\"container space-2 space-lg-3\"><div class=\"row justify-content-lg-center\"><div class=\"col-md-6 col-lg-5 mb-lg-7 mb-5\"><div class=\"media pr-lg-5\"><figure class=\"ie-height-56 w-100 max-width-8 mr-4\"><img decoding=\"async\" class=\"js-svg-injector\" alt=\"SVG\" src=\"https:\/\/traduc.com\/service\/wp-content\/themes\/front\/assets\/svg\/icons\/icon-32.svg\"\/><\/figure><div class=\"media-body\"><h4 class=\"fgb-icon-blocks-la__name d-block h5\"><a href=\"https:\/\/traduc.com\/service\/traduire-fiche-produit\/\"><span class=\"font-weight-semi-bold\">Comment traduire une fiche produit ?<\/span><\/a><\/h4><p class=\"fgb-icon-blocks-la__description undefined\"><span style=\"color:#707980\" class=\"fgb-has-inline-color\">La fiche produit est un contenu essentiel \u00e0 votre site e-commerce.<\/span><br><span class=\"font-weight-semi-bold\"><span style=\"color:#ffc107\" class=\"fgb-has-inline-color\"><a href=\"https:\/\/traduc.com\/service\/traduire-fiche-produit\/\">Lire la suite ><\/a><\/span><\/span><\/p><\/div><\/div><\/div> <div class=\"col-md-6 col-lg-5 mb-lg-7 mb-5\"><div class=\"media pl-lg-5\"><figure class=\"ie-height-56 w-100 max-width-8 mr-4\"><img decoding=\"async\" class=\"js-svg-injector\" alt=\"SVG\" src=\"https:\/\/traduc.com\/service\/wp-content\/themes\/front\/assets\/svg\/icons\/icon-19.svg\"\/><\/figure><div class=\"media-body\"><h4 class=\"fgb-icon-blocks-la__name d-block h5\"><a href=\"https:\/\/traduc.com\/service\/traduction-cv\/\"><span class=\"font-weight-semi-bold\">Comment traduire votre CV ?<\/span><\/a><\/h4><p class=\"fgb-icon-blocks-la__description undefined\">Respecter les \u00e9tapes de la traduction d\u2019un CV c\u2019est marquer des points aupr\u00e8s des recruteurs internationaux&#8230;<br><strong><span style=\"color:#ffc107\" class=\"fgb-has-inline-color\"><a href=\"https:\/\/traduc.com\/service\/traduction-cv\/\">Lire la suite ><\/a><\/span><\/strong><\/p><\/div><\/div><\/div> <div class=\"col-md-6 col-lg-5 mb-lg-7 mb-5\"><div class=\"media pr-lg-5\"><figure class=\"ie-height-56 w-100 max-width-8 mr-4\"><img decoding=\"async\" class=\"js-svg-injector\" alt=\"SVG\" src=\"https:\/\/traduc.com\/service\/wp-content\/themes\/front\/assets\/svg\/icons\/icon-9.svg\"\/><\/figure><div class=\"media-body\"><h4 class=\"fgb-icon-blocks-la__name d-block h5\"><a href=\"https:\/\/traduc.com\/service\/traduction-site-internet\/\"><span class=\"font-weight-semi-bold\">Comment traduire votre site internet ?<\/span><\/a><\/h4><p class=\"fgb-icon-blocks-la__description undefined\">Le site internet est devenu un outil de communication indispensable&#8230;<br><span class=\"font-weight-semi-bold\"><span style=\"color:#ffc107\" class=\"fgb-has-inline-color\"><a href=\"https:\/\/traduc.com\/service\/traduction-site-internet\/\">Lire la suite ><\/a><\/span><\/span><\/p><\/div><\/div><\/div> <div class=\"col-md-6 col-lg-5 mb-lg-7 mb-5\"><div class=\"media pl-lg-5\"><figure class=\"ie-height-56 w-100 max-width-8 mr-4\"><img decoding=\"async\" class=\"js-svg-injector\" alt=\"SVG\" src=\"https:\/\/traduc.com\/service\/wp-content\/themes\/front\/assets\/svg\/icons\/icon-47.svg\"\/><\/figure><div class=\"media-body\"><h4 class=\"fgb-icon-blocks-la__name d-block h5\"><span class=\"font-weight-semi-bold\">Comment<a href=\"https:\/\/traduc.com\/service\/traduction-juridique\/\"> traduire vos documents juridique<\/a> ?<\/span><\/h4><p class=\"fgb-icon-blocks-la__description undefined\">D\u00e9couvrez comment traduire des documents officiels de votre entreprise.<br><strong><span style=\"color:#ffc107\" class=\"fgb-has-inline-color\"><a href=\"https:\/\/traduc.com\/service\/traduction-juridique\/\">Lire la suite ><\/a><\/span><\/strong><\/p><\/div><\/div><\/div> <div class=\"col-md-6 col-lg-5 mb-lg-0 mb-5\"><div class=\"media pr-lg-5\"><figure class=\"ie-height-56 w-100 max-width-8 mr-4\"><img decoding=\"async\" class=\"js-svg-injector\" alt=\"SVG\" src=\"https:\/\/traduc.com\/service\/wp-content\/themes\/front\/assets\/svg\/icons\/icon-26.svg\"\/><\/figure><div class=\"media-body\"><h4 class=\"fgb-icon-blocks-la__name d-block h5\"><span class=\"font-weight-semi-bold\">Comment<a href=\"https:\/\/traduc.com\/service\/traduction-brochure\/\"> traduire vos brochures commerciales<\/a> ?<\/span><\/h4><p class=\"fgb-icon-blocks-la__description undefined\">Des brochures et des flyers parfaitement traduits vous ouvrent des opportunit\u00e9s \u00e0 l&#8217;internationale&#8230;<br><span class=\"font-weight-semi-bold\"><span style=\"color:#ffc107\" class=\"fgb-has-inline-color\"><a href=\"https:\/\/traduc.com\/service\/traduction-brochure\/\">Lire la suite ><\/a><\/span><\/span><\/p><\/div><\/div><\/div> <div class=\"col-md-6 col-lg-5 mb-5\"><div class=\"media pl-lg-5\"><figure class=\"ie-height-56 w-100 max-width-8 mr-4\"><img decoding=\"async\" class=\"js-svg-injector\" alt=\"SVG\" src=\"https:\/\/traduc.com\/service\/wp-content\/themes\/front\/assets\/svg\/icons\/icon-12.svg\"\/><\/figure><div class=\"media-body\"><h4 class=\"fgb-icon-blocks-la__name d-block h5\"><a href=\"https:\/\/traduc.com\/service\/traduction-document\/\"><span class=\"font-weight-semi-bold\">Comment traduire vos documents ?<\/span><\/a><\/h4><p class=\"fgb-icon-blocks-la__description undefined\">Traduire un document quelque soit sa nature c\u2019est faciliter la compr\u00e9hension du message&#8230;<br><span class=\"font-weight-semi-bold\"><span style=\"color:#ffc107\" class=\"fgb-has-inline-color\"><a href=\"https:\/\/traduc.com\/service\/traduction-document\/\">Lire la suite ><\/a><\/span><\/span><\/p><\/div><\/div><\/div> <div class=\"col-md-6 col-lg-5 mb-lg-7 mb-5\"><div class=\"media pr-lg-5\"><figure class=\"ie-height-56 w-100 max-width-8 mr-4\"><img decoding=\"async\" class=\"js-svg-injector\" alt=\"SVG\" src=\"https:\/\/traduc.com\/service\/wp-content\/themes\/front\/assets\/svg\/icons\/icon-46.svg\"\/><\/figure><div class=\"media-body\"><h4 class=\"fgb-icon-blocks-la__name d-block h5\"><strong><a href=\"https:\/\/traduc.com\/service\/traduire-texte-medical\/\"><span class=\"font-weight-semi-bold\">Comment traduire des documents m\u00e9dicaux<\/span> ?<\/a><\/strong><\/h4><p class=\"fgb-icon-blocks-la__description undefined\">Le milieu m\u00e9dical est strict et pr\u00e9cis. Par cons\u00e9quent, toute traduction m\u00e9dicale doit \u00eatre parfaite et irr\u00e9prochable&#8230;<br><strong><a href=\"https:\/\/traduc.com\/service\/traduire-texte-medical\/\">Lire la suite ><\/a><\/strong><\/p><\/div><\/div><\/div> <div class=\"col-md-6 col-lg-5 mb-lg-7\"><div class=\"media pl-lg-5\"><figure class=\"ie-height-56 w-100 max-width-8 mr-4\"><img decoding=\"async\" class=\"js-svg-injector\" alt=\"SVG\" src=\"https:\/\/traduc.com\/service\/wp-content\/themes\/front\/assets\/svg\/icons\/icon-21.svg\"\/><\/figure><div class=\"media-body\"><h4 class=\"fgb-icon-blocks-la__name d-block h5\"><strong><a href=\"https:\/\/traduc.com\/service\/cout-de-traduction\/\"><span class=\"font-weight-semi-bold\"><strong><a href=\"https:\/\/traduc.com\/service\/trouver-traducteur-freelance\/\">Les avantages d&#8217;<\/a><\/strong><\/span><\/a><span class=\"font-weight-semi-bold\"><strong><a href=\"https:\/\/traduc.com\/service\/trouver-traducteur-freelance\/\">un<\/a><\/strong><\/span><a href=\"https:\/\/traduc.com\/service\/cout-de-traduction\/\"><span class=\"font-weight-semi-bold\"><strong><a href=\"https:\/\/traduc.com\/service\/trouver-traducteur-freelance\/\"> traducteur freelance<\/a><\/strong><\/span><\/a><\/strong><\/h4><p class=\"fgb-icon-blocks-la__description undefined\">G\u00e9rez votre projet de traduction avec un traducteur freelance depuis notre service de traduction professionnelle. <br><strong><a href=\"https:\/\/traduc.com\/service\/trouver-traducteur-freelance\/\">Lire la suite ><\/a><\/strong><\/p><\/div><\/div><\/div> <\/div><\/div>\n\n\n\n<div class=\"wp-block-fgb-call-to-action\"><div class=\"cta-block\"><div id=\"SVGshowcaseMockup2\" class=\"container\"><div class=\" text-white shadow-primary-lg rounded p-5 p-md-9 bg-primary\"><div class=\"row justify-content-lg-between align-items-md-center\"><div class=\"col-md-5 mb-7 mb-md-0 \"><div class=\"mb-5\"><h2 class=\"fgb-call-to-action__title text-white font-weight-normal\">Faites traduire tous vos documents par des professionnels !<\/h2><\/div><a href=\"https:\/\/traduc.com\/steps\/orders\/new?source=service\" class=\"justify-content-center fgb-button btn fgb-button--align-center btn-warning false d-inline-flex align-items-center ml-2  transition-3d-hover rounded-0\" target=\"_blank\" rel=\"noopener noreferrer\"><div class=\"fgb-button--inner\">Commander des traductions<\/div><span class=\"fas fa-border-none  text-primary font-size-1 ml-2 ml-sm-1\"><\/span><\/a><\/div><div class=\"col-md-7 col-lg-5\"><img decoding=\"async\" class=\"js-svg-injector\" src=\"https:\/\/traduc.com\/service\/wp-content\/uploads\/2022\/03\/equipe_traduction.jpg\" alt=\"Image Description\" data-parent=\"#SVGbgShapeID1\"\/><\/div><\/div><\/div><\/div><\/div><\/div>\n\n\n\n<div id=\"whatWeDoSection\" class=\"container space-2 space-md-3 icon-block-style-v7\"><div class=\"row justify-content-lg-between\"><div class=\"col-lg-4 mb-7 mb-lg-0\"><small class=\"text-secondary text-uppercase font-weight-medium mb-2\">les tarifs <\/small><h3 class=\"font-weight-medium\"><span class=\"font-weight-semi-bold\"><span style=\"color:#ffc107\" class=\"fgb-has-inline-color\">Combien co\u00fbte une traduction ?<\/span><\/span><\/h3><p class=\"text\">D\u00e9couvrez comment sont fix\u00e9s les tarifs de traduction.<\/p><\/div><div class=\"col-lg-7\"><div class=\"row\"><div class=\"col-sm-6 mb-3\"><figure class=\"ie-height-56 w-100 max-width-8 mb-3\"><img decoding=\"async\" class=\"js-svg-injector\" alt=\"SVG\" src=\"https:\/\/traduc.com\/service\/wp-content\/themes\/front\/assets\/svg\/icons\/icon-18.svg\"\/><\/figure><span class=\"fgb-icon-blocks-la__name d-block h5\"><span class=\"font-weight-semi-bold\"><strong><a href=\"https:\/\/traduc.com\/service\/cout-de-traduction\/\">Estimer le co\u00fbt d\u2019une traduction<\/a><\/strong><\/span><\/span><p class=\"fgb-icon-blocks-la__description font-size-1\"><span style=\"color:#707980\" class=\"fgb-has-inline-color\">La traduction est incontournable quand vous souhaitez communiquer ou d\u00e9velopper votre activit\u00e9 \u00e0 l\u2019\u00e9tranger\u2026<\/span><br><span class=\"font-weight-semi-bold\"><span style=\"color:#ffc107\" class=\"fgb-has-inline-color\"><a href=\"https:\/\/traduc.com\/service\/cout-de-traduction\/\">Lire la suite ><\/a><\/span><\/span><\/p><\/div> <div class=\"col-sm-6 mb-3\"><figure class=\"ie-height-56 w-100 max-width-8 mb-3\"><img decoding=\"async\" class=\"js-svg-injector\" alt=\"SVG\" src=\"https:\/\/traduc.com\/service\/wp-content\/themes\/front\/assets\/svg\/icons\/icon-39.svg\"\/><\/figure><span class=\"fgb-icon-blocks-la__name d-block h5\"><a href=\"https:\/\/traduc.com\/service\/tarifs-budget-traduction\/\"><span class=\"font-weight-semi-bold\"><span class=\"font-weight-semi-bold\"><strong><a href=\"https:\/\/traduc.com\/service\/tarifs-budget-traduction\/\">Nos tarifs de traduction<\/a><\/strong><\/span><\/span><\/a><\/span><p class=\"fgb-icon-blocks-la__description font-size-1\">Respecter les \u00e9tapes de la traduction d\u2019un CV c\u2019est marquer des points aupr\u00e8s des recruteurs internationaux&#8230;<br><strong><span style=\"color:#ffc107\" class=\"fgb-has-inline-color\"><a href=\"https:\/\/traduc.com\/service\/tarifs-budget-traduction\/\">Lire la suite ><\/a><\/span><\/strong><\/p><\/div> <\/div><\/div><\/div><\/div>\n\n\n\n<div class=\"testimonial-carousel-simple style-1 bg-light\"><div class=\"space-2 space-md-3 container\"><div class=\"w-md-80 w-lg-50 text-center mx-md-auto mb-9\"><div id=\"icon4\"><figure class=\"ie-height-72 max-width-10 mx-auto mb-3\"><img decoding=\"async\" class=\"js-svg-injector\" alt=\"Img\" src=\"https:\/\/traduc.com\/service\/wp-content\/themes\/front\/assets\/svg\/icons\/icon-4.svg\" data-parent=\"#icon4\"\/><\/figure><\/div><h2 class=\"false font-weight-medium false false false\">Ils sont satisfaits de nos services<\/h2><\/div><div class=\"js-slick-carousel u-slick u-slick--equal-height u-slick--gutters-3\" data-slides-show=\"3\" data-slides-scroll=\"1\" data-autoplay=\"true\" data-speed=\"5000\" data-infinite=\"false\" data-center-mode=\"true\" data-pagi-classes=\"d-lg-none text-center u-slick__pagination mt-7 mb-0\" data-responsive=\"[{&quot;breakpoint&quot;: 992,&quot;settings&quot;: {&quot;slidesToShow&quot;: 2}}, {&quot;breakpoint&quot;: 768,&quot;settings&quot;: {&quot;slidesToShow&quot;: 1}}]\"><div class=\"js-slide card mb-1 p-0\"><div class=\"card-body p-5\"><div class=\"mb-auto\"><p class=\"mb-0\">J&#8217;avais besoin de faire traduire mon application mobile en plusieurs langues. Merci pour la traduction rapide, efficace et livr\u00e9e sur mes fichiers PHP !<\/p><\/div><\/div><div class=\"card-footer border-0 pt-0 px-5 pb-5\"><div class=\"media\"><div class=\"u-avatar mr-3\"><img decoding=\"async\" class=\"img-fluid rounded-circle h-100 w-100\" src=\"https:\/\/traduc.com\/service\/wp-content\/uploads\/2019\/09\/img12.jpg\" alt=\"Author\"\/><\/div><div class=\"media-body\"><h4 class=\"h6 mb-1\">Bastien, Traduction d&#8217;application mobile<\/h4><\/div><\/div><\/div><\/div><div class=\"js-slide card mb-1 p-0\"><div class=\"card-body p-5\"><div class=\"mb-auto\"><p class=\"mb-0\">L&#8217;\u00e9quipe est tr\u00e8s r\u00e9active et m&#8217;a bien aid\u00e9e dans le choix du traducteur. Je suis ravie !<\/p><\/div><\/div><div class=\"card-footer border-0 pt-0 px-5 pb-5\"><div class=\"media\"><div class=\"u-avatar mr-3\"><img decoding=\"async\" class=\"img-fluid rounded-circle h-100 w-100\" src=\"https:\/\/traduc.com\/service\/wp-content\/plugins\/front-gutenberg-blocks\/assets\/img\/100x100\/img11.jpg\" alt=\"Author\"\/><\/div><div class=\"media-body\"><h4 class=\"h6 mb-1\">Marjol\u00e8ne &#8211; Traduction d&#8217;un site internet<\/h4><\/div><\/div><\/div><\/div><div class=\"js-slide card mb-1 p-0\"><div class=\"card-body p-5\"><div class=\"mb-auto\"><p class=\"mb-0\">Beaucoup de fiches culturelles \u00e0 traduire en un temps imparti strict. L&#8217;\u00e9quipe de\u00a0<a tabindex=\"0\" target=\"_blank\" href=\"http:\/\/traduc.com\/\" rel=\"noreferrer noopener\">Traduc.com<\/a>\u00a0a su relever le d\u00e9fi avec des traductions de qualit\u00e9 fournis par 5 traducteurs.<\/p><\/div><\/div><div class=\"card-footer border-0 pt-0 px-5 pb-5\"><div class=\"media\"><div class=\"u-avatar mr-3\"><img decoding=\"async\" class=\"img-fluid rounded-circle h-100 w-100\" src=\"https:\/\/traduc.com\/service\/wp-content\/uploads\/2019\/09\/img10.jpg\" alt=\"Author\"\/><\/div><div class=\"media-body\"><h4 class=\"h6 mb-1\">Guilaine &#8211; Traduction de fiches culturelles<\/h4><\/div><\/div><\/div><\/div><div class=\"js-slide card mb-1 p-0\"><div class=\"card-body p-5\"><div class=\"mb-auto\"><p class=\"mb-0\">C&#8217;est la premi\u00e8re fois que j&#8217;avais besoin de faire traduire mon catalogue de produits bio. L&#8217;\u00e9quipe de\u00a0<a tabindex=\"0\" target=\"_blank\" href=\"http:\/\/traduc.com\/\" rel=\"noreferrer noopener\">Traduc.com<\/a>\u00a0a su m&#8217;aider et m&#8217;accompagner dans ma d\u00e9marche.<\/p><\/div><\/div><div class=\"card-footer border-0 pt-0 px-5 pb-5\"><div class=\"media\"><div class=\"u-avatar mr-3\"><img decoding=\"async\" class=\"img-fluid rounded-circle h-100 w-100\" src=\"https:\/\/traduc.com\/service\/wp-content\/plugins\/front-gutenberg-blocks\/assets\/img\/100x100\/img2.jpg\" alt=\"Author\"\/><\/div><div class=\"media-body\"><h4 class=\"h6 mb-1\">Edwige &#8211; Traduction d&#8217;un catalogue<\/h4><\/div><\/div><\/div><\/div><\/div><\/div><\/div>\n","protected":false},"excerpt":{"rendered":"<p>D\u00e9couvrez nos guides de traduction Profitez de l\u2019expertise de notre \u00e9quipe et du savoir-faire de nos traducteurs professionnels pour faire traduire tous vos\u00a0textes. Commander des traductions Quel type de contenu souhaitez-vous faire traduire ? Retrouvez tous nos conseils et astuces pour obtenir la meilleure traduction possible de vos contenus. Faites traduire tous vos documents par&#8230;<\/p>\n","protected":false},"author":6,"featured_media":0,"parent":0,"menu_order":0,"comment_status":"closed","ping_status":"closed","template":"","meta":{"inline_featured_image":false,"footnotes":"","_front_options":"{\"hidePageHeader\":true,\"disableContainer\":true}"},"yoast_head":"<!-- This site is optimized with the Yoast SEO plugin v21.5 - https:\/\/yoast.com\/wordpress\/plugins\/seo\/ -->\n<title>Nos guides de traduction pour l&#039;international - Traduc.com<\/title>\n<meta name=\"description\" content=\"Profitez de l&#039;expertise de notre \u00e9quipe et du savoir-faire de nos traducteurs professionnels pour traduire tous vos contenus.\" \/>\n<meta name=\"robots\" content=\"index, follow, max-snippet:-1, max-image-preview:large, max-video-preview:-1\" \/>\n<link rel=\"canonical\" href=\"https:\/\/traduc.com\/service\/\" \/>\n<meta property=\"og:locale\" content=\"fr_FR\" \/>\n<meta property=\"og:type\" content=\"article\" \/>\n<meta property=\"og:title\" content=\"Nos guides de traduction pour l&#039;international - Traduc.com\" \/>\n<meta property=\"og:description\" content=\"Profitez de l&#039;expertise de notre \u00e9quipe et du savoir-faire de nos traducteurs professionnels pour traduire tous vos contenus.\" \/>\n<meta property=\"og:url\" content=\"https:\/\/traduc.com\/service\/\" \/>\n<meta property=\"og:site_name\" content=\"Traduc.com\" \/>\n<meta property=\"article:modified_time\" content=\"2022-03-30T08:52:15+00:00\" \/>\n<meta property=\"og:image\" content=\"https:\/\/traduc.com\/service\/wp-content\/plugins\/front-gutenberg-blocks\/assets\/img\/mockups\/img15.png\" \/>\n<meta name=\"twitter:card\" content=\"summary_large_image\" \/>\n<script type=\"application\/ld+json\" class=\"yoast-schema-graph\">{\"@context\":\"https:\/\/schema.org\",\"@graph\":[{\"@type\":\"WebPage\",\"@id\":\"https:\/\/traduc.com\/service\/\",\"url\":\"https:\/\/traduc.com\/service\/\",\"name\":\"Nos guides de traduction pour l'international - Traduc.com\",\"isPartOf\":{\"@id\":\"https:\/\/traduc.com\/service\/#website\"},\"datePublished\":\"2021-01-07T10:55:18+00:00\",\"dateModified\":\"2022-03-30T08:52:15+00:00\",\"description\":\"Profitez de l'expertise de notre \u00e9quipe et du savoir-faire de nos traducteurs professionnels pour traduire tous vos contenus.\",\"breadcrumb\":{\"@id\":\"https:\/\/traduc.com\/service\/#breadcrumb\"},\"inLanguage\":\"fr-FR\",\"potentialAction\":[{\"@type\":\"ReadAction\",\"target\":[\"https:\/\/traduc.com\/service\/\"]}]},{\"@type\":\"BreadcrumbList\",\"@id\":\"https:\/\/traduc.com\/service\/#breadcrumb\",\"itemListElement\":[{\"@type\":\"ListItem\",\"position\":1,\"name\":\"Accueil\",\"item\":\"https:\/\/traduc.com\/service\/\"},{\"@type\":\"ListItem\",\"position\":2,\"name\":\"Nos guides de traduction pour l&rsquo;international\"}]},{\"@type\":\"WebSite\",\"@id\":\"https:\/\/traduc.com\/service\/#website\",\"url\":\"https:\/\/traduc.com\/service\/\",\"name\":\"Traduc.com\",\"description\":\"Service de traduction professionnelle\",\"potentialAction\":[{\"@type\":\"SearchAction\",\"target\":{\"@type\":\"EntryPoint\",\"urlTemplate\":\"https:\/\/traduc.com\/service\/?s={search_term_string}\"},\"query-input\":\"required name=search_term_string\"}],\"inLanguage\":\"fr-FR\"}]}<\/script>\n<!-- \/ Yoast SEO plugin. -->","yoast_head_json":{"title":"Nos guides de traduction pour l'international - Traduc.com","description":"Profitez de l'expertise de notre \u00e9quipe et du savoir-faire de nos traducteurs professionnels pour traduire tous vos contenus.","robots":{"index":"index","follow":"follow","max-snippet":"max-snippet:-1","max-image-preview":"max-image-preview:large","max-video-preview":"max-video-preview:-1"},"canonical":"https:\/\/traduc.com\/service\/","og_locale":"fr_FR","og_type":"article","og_title":"Nos guides de traduction pour l'international - Traduc.com","og_description":"Profitez de l'expertise de notre \u00e9quipe et du savoir-faire de nos traducteurs professionnels pour traduire tous vos contenus.","og_url":"https:\/\/traduc.com\/service\/","og_site_name":"Traduc.com","article_modified_time":"2022-03-30T08:52:15+00:00","og_image":[{"url":"https:\/\/traduc.com\/service\/wp-content\/plugins\/front-gutenberg-blocks\/assets\/img\/mockups\/img15.png"}],"twitter_card":"summary_large_image","schema":{"@context":"https:\/\/schema.org","@graph":[{"@type":"WebPage","@id":"https:\/\/traduc.com\/service\/","url":"https:\/\/traduc.com\/service\/","name":"Nos guides de traduction pour l'international - Traduc.com","isPartOf":{"@id":"https:\/\/traduc.com\/service\/#website"},"datePublished":"2021-01-07T10:55:18+00:00","dateModified":"2022-03-30T08:52:15+00:00","description":"Profitez de l'expertise de notre \u00e9quipe et du savoir-faire de nos traducteurs professionnels pour traduire tous vos contenus.","breadcrumb":{"@id":"https:\/\/traduc.com\/service\/#breadcrumb"},"inLanguage":"fr-FR","potentialAction":[{"@type":"ReadAction","target":["https:\/\/traduc.com\/service\/"]}]},{"@type":"BreadcrumbList","@id":"https:\/\/traduc.com\/service\/#breadcrumb","itemListElement":[{"@type":"ListItem","position":1,"name":"Accueil","item":"https:\/\/traduc.com\/service\/"},{"@type":"ListItem","position":2,"name":"Nos guides de traduction pour l&rsquo;international"}]},{"@type":"WebSite","@id":"https:\/\/traduc.com\/service\/#website","url":"https:\/\/traduc.com\/service\/","name":"Traduc.com","description":"Service de traduction professionnelle","potentialAction":[{"@type":"SearchAction","target":{"@type":"EntryPoint","urlTemplate":"https:\/\/traduc.com\/service\/?s={search_term_string}"},"query-input":"required name=search_term_string"}],"inLanguage":"fr-FR"}]}},"_links":{"self":[{"href":"https:\/\/traduc.com\/service\/wp-json\/wp\/v2\/pages\/1130"}],"collection":[{"href":"https:\/\/traduc.com\/service\/wp-json\/wp\/v2\/pages"}],"about":[{"href":"https:\/\/traduc.com\/service\/wp-json\/wp\/v2\/types\/page"}],"author":[{"embeddable":true,"href":"https:\/\/traduc.com\/service\/wp-json\/wp\/v2\/users\/6"}],"replies":[{"embeddable":true,"href":"https:\/\/traduc.com\/service\/wp-json\/wp\/v2\/comments?post=1130"}],"version-history":[{"count":60,"href":"https:\/\/traduc.com\/service\/wp-json\/wp\/v2\/pages\/1130\/revisions"}],"predecessor-version":[{"id":1653,"href":"https:\/\/traduc.com\/service\/wp-json\/wp\/v2\/pages\/1130\/revisions\/1653"}],"wp:attachment":[{"href":"https:\/\/traduc.com\/service\/wp-json\/wp\/v2\/media?parent=1130"}],"curies":[{"name":"wp","href":"https:\/\/api.w.org\/{rel}","templated":true}]}}